{"id":804,"date":"2020-01-23T17:23:29","date_gmt":"2020-01-23T16:23:29","guid":{"rendered":"http:\/\/titwazo.com\/?page_id=804"},"modified":"2023-01-30T20:15:27","modified_gmt":"2023-01-30T19:15:27","slug":"elementor-804","status":"publish","type":"page","link":"https:\/\/titwazo.com\/index.php\/elementor-804\/","title":{"rendered":"FAQ"},"content":{"rendered":"\t\t<div data-elementor-type=\"wp-page\" data-elementor-id=\"804\" class=\"elementor elementor-804\" data-elementor-settings=\"[]\">\n\t\t\t\t\t\t<div class=\"elementor-inner\">\n\t\t\t\t\t\t\t<div class=\"elementor-section-wrap\">\n\t\t\t\t\t\t\t<section class=\"elementor-section elementor-top-section elementor-element elementor-element-5d2d3d32 elementor-section-boxed elementor-section-height-default elementor-section-height-default\" data-id=\"5d2d3d32\" data-element_type=\"section\">\n\t\t\t\t\t\t<div class=\"elementor-container elementor-column-gap-default\">\n\t\t\t\t\t\t\t<div class=\"elementor-row\">\n\t\t\t\t\t<div class=\"elementor-column elementor-col-100 elementor-top-column elementor-element elementor-element-4c7d7109\" data-id=\"4c7d7109\" data-element_type=\"column\">\n\t\t\t<div class=\"elementor-column-wrap elementor-element-populated\">\n\t\t\t\t\t\t\t<div class=\"elementor-widget-wrap\">\n\t\t\t\t\t\t<div class=\"elementor-element elementor-element-dd3cc1e elementor-widget elementor-widget-spacer\" data-id=\"dd3cc1e\" data-element_type=\"widget\" data-widget_type=\"spacer.default\">\n\t\t\t\t<div class=\"elementor-widget-container\">\n\t\t\t\t\t<div class=\"elementor-spacer\">\n\t\t\t<div class=\"elementor-spacer-inner\"><\/div>\n\t\t<\/div>\n\t\t\t\t<\/div>\n\t\t\t\t<\/div>\n\t\t\t\t<div class=\"elementor-element elementor-element-3436d69 elementor-widget elementor-widget-heading\" data-id=\"3436d69\" data-element_type=\"widget\" data-widget_type=\"heading.default\">\n\t\t\t\t<div class=\"elementor-widget-container\">\n\t\t\t<h2 class=\"elementor-heading-title elementor-size-default\">Les questions fr\u00e9quentes<\/h2>\t\t<\/div>\n\t\t\t\t<\/div>\n\t\t\t\t<div class=\"elementor-element elementor-element-093ff5b elementor-widget elementor-widget-spacer\" data-id=\"093ff5b\" data-element_type=\"widget\" data-widget_type=\"spacer.default\">\n\t\t\t\t<div class=\"elementor-widget-container\">\n\t\t\t\t\t<div class=\"elementor-spacer\">\n\t\t\t<div class=\"elementor-spacer-inner\"><\/div>\n\t\t<\/div>\n\t\t\t\t<\/div>\n\t\t\t\t<\/div>\n\t\t\t\t\t\t<\/div>\n\t\t\t\t\t<\/div>\n\t\t<\/div>\n\t\t\t\t\t\t\t\t<\/div>\n\t\t\t\t\t<\/div>\n\t\t<\/section>\n\t\t\t\t<section class=\"elementor-section elementor-top-section elementor-element elementor-element-99cf7e7 elementor-section-boxed elementor-section-height-default elementor-section-height-default\" data-id=\"99cf7e7\" data-element_type=\"section\" data-settings=\"{&quot;background_background&quot;:&quot;classic&quot;}\">\n\t\t\t\t\t\t\t<div class=\"elementor-background-overlay\"><\/div>\n\t\t\t\t\t\t\t<div class=\"elementor-container elementor-column-gap-default\">\n\t\t\t\t\t\t\t<div class=\"elementor-row\">\n\t\t\t\t\t<div class=\"elementor-column elementor-col-50 elementor-top-column elementor-element elementor-element-9420554\" data-id=\"9420554\" data-element_type=\"column\">\n\t\t\t<div class=\"elementor-column-wrap\">\n\t\t\t\t\t\t\t<div class=\"elementor-widget-wrap\">\n\t\t\t\t\t\t\t\t<\/div>\n\t\t\t\t\t<\/div>\n\t\t<\/div>\n\t\t\t\t<div class=\"elementor-column elementor-col-50 elementor-top-column elementor-element elementor-element-bc48156\" data-id=\"bc48156\" data-element_type=\"column\">\n\t\t\t<div class=\"elementor-column-wrap elementor-element-populated\">\n\t\t\t\t\t\t\t<div class=\"elementor-widget-wrap\">\n\t\t\t\t\t\t<div class=\"elementor-element elementor-element-089a873 elementor-widget elementor-widget-toggle\" data-id=\"089a873\" data-element_type=\"widget\" data-settings=\"{&quot;_animation&quot;:&quot;none&quot;}\" data-widget_type=\"toggle.default\">\n\t\t\t\t<div class=\"elementor-widget-container\">\n\t\t\t\t\t<div class=\"elementor-toggle\" role=\"tablist\">\n\t\t\t\t\t\t\t<div class=\"elementor-toggle-item\">\n\t\t\t\t\t<div id=\"elementor-tab-title-9021\" class=\"elementor-tab-title\" data-tab=\"1\" role=\"tab\" aria-controls=\"elementor-tab-content-9021\">\n\t\t\t\t\t\t\t\t\t\t\t\t<span class=\"elementor-toggle-icon elementor-toggle-icon-left\" aria-hidden=\"true\">\n\t\t\t\t\t\t\t\t\t\t\t\t\t\t\t<span class=\"elementor-toggle-icon-closed\"><i class=\"fas fa-question-circle\"><\/i><\/span>\n\t\t\t\t\t\t\t\t<span class=\"elementor-toggle-icon-opened\"><i class=\"elementor-toggle-icon-opened fas fa-caret-up\"><\/i><\/span>\n\t\t\t\t\t\t\t\t\t\t\t\t\t<\/span>\n\t\t\t\t\t\t\t\t\t\t\t\t<a href=\"\" class=\"elementor-toggle-title\">Mon tempeh a des t\u00e2ches grises\/noires, est-ce normal?<\/a>\n\t\t\t\t\t<\/div>\n\t\t\t\t\t<div id=\"elementor-tab-content-9021\" class=\"elementor-tab-content elementor-clearfix\" data-tab=\"1\" role=\"tabpanel\" aria-labelledby=\"elementor-tab-title-9021\"><p>La pr\u00e9sence de t\u00e2ches noires sur un tempeh non pasteuris\u00e9 est normale! Lorsque le champignon blanc termine son cycle il devient noir. Cette sporulation peut survenir un peu plus rapidement lorsque le champignon a plus d&#8217;oxyg\u00e8ne. Tout est parfaitement comestible et cela ne change en rien le go\u00fbt du tempeh.<\/p><p>\u00a0<\/p><p>Cependant l<span style=\"font-size: 16px; font-style: normal; font-weight: 400; color: var( --e-global-color-text );\">e tempeh ne vit qu&#8217;en noir et blanc ! En effet\u00a0<\/span><span style=\"font-size: 16px; color: var( --e-global-color-text );\">si votre tempeh prend une autre couleur (rose\/verte\/orange) ne le consommez pas cela signifie qu&#8217;il est d\u00e9t\u00e9rior\u00e9.<\/span><\/p><\/div>\n\t\t\t\t<\/div>\n\t\t\t\t\t\t\t<div class=\"elementor-toggle-item\">\n\t\t\t\t\t<div id=\"elementor-tab-title-9022\" class=\"elementor-tab-title\" data-tab=\"2\" role=\"tab\" aria-controls=\"elementor-tab-content-9022\">\n\t\t\t\t\t\t\t\t\t\t\t\t<span class=\"elementor-toggle-icon elementor-toggle-icon-left\" aria-hidden=\"true\">\n\t\t\t\t\t\t\t\t\t\t\t\t\t\t\t<span class=\"elementor-toggle-icon-closed\"><i class=\"fas fa-question-circle\"><\/i><\/span>\n\t\t\t\t\t\t\t\t<span class=\"elementor-toggle-icon-opened\"><i class=\"elementor-toggle-icon-opened fas fa-caret-up\"><\/i><\/span>\n\t\t\t\t\t\t\t\t\t\t\t\t\t<\/span>\n\t\t\t\t\t\t\t\t\t\t\t\t<a href=\"\" class=\"elementor-toggle-title\">Le tempeh peut-il \u00eatre mang\u00e9 cru ?<\/a>\n\t\t\t\t\t<\/div>\n\t\t\t\t\t<div id=\"elementor-tab-content-9022\" class=\"elementor-tab-content elementor-clearfix\" data-tab=\"2\" role=\"tabpanel\" aria-labelledby=\"elementor-tab-title-9022\"><p><span style=\"font-weight: 400;\">\u00a0Le tempeh peut-\u00eatre consomm\u00e9 cru mais nous conseillons de le cuisiner avant de le consommer, il est bien meilleur lorsqu&#8217;il est pr\u00e9par\u00e9!<\/span><\/p><\/div>\n\t\t\t\t<\/div>\n\t\t\t\t\t\t\t<div class=\"elementor-toggle-item\">\n\t\t\t\t\t<div id=\"elementor-tab-title-9023\" class=\"elementor-tab-title\" data-tab=\"3\" role=\"tab\" aria-controls=\"elementor-tab-content-9023\">\n\t\t\t\t\t\t\t\t\t\t\t\t<span class=\"elementor-toggle-icon elementor-toggle-icon-left\" aria-hidden=\"true\">\n\t\t\t\t\t\t\t\t\t\t\t\t\t\t\t<span class=\"elementor-toggle-icon-closed\"><i class=\"fas fa-question-circle\"><\/i><\/span>\n\t\t\t\t\t\t\t\t<span class=\"elementor-toggle-icon-opened\"><i class=\"elementor-toggle-icon-opened fas fa-caret-up\"><\/i><\/span>\n\t\t\t\t\t\t\t\t\t\t\t\t\t<\/span>\n\t\t\t\t\t\t\t\t\t\t\t\t<a href=\"\" class=\"elementor-toggle-title\">Non pasteuris\u00e9 \u00e7a veut dire quoi? <\/a>\n\t\t\t\t\t<\/div>\n\t\t\t\t\t<div id=\"elementor-tab-content-9023\" class=\"elementor-tab-content elementor-clearfix\" data-tab=\"3\" role=\"tabpanel\" aria-labelledby=\"elementor-tab-title-9023\"><p><span style=\"font-size: 15px; font-weight: 400;\">La pasteurisation consiste \u00e0 faire chauffer un aliment \u00e0 tr\u00e8s haute temp\u00e9rature afin d&#8217;\u00e9liminer des germes pathog\u00e8nes. La pasteurisation a aussi pour incidence de d\u00e9naturer les prot\u00e9ines, les vitamines et les enzymes.&nbsp;<\/span><\/p>\n<p><span style=\"font-size: 15px; font-weight: 400;\">Notre tempeh est non pasteuris\u00e9 cela signifie que <\/span><span style=\"font-size: 15px; font-weight: 400;\">tous les bienfaits li\u00e9s \u00e0 la fermentation sont encore pr\u00e9sents dans le produit (vitamines, acides amin\u00e9s). La pasteurisation a aussi pour effet de modifier le go\u00fbt du tempeh et de le rendre am\u00e8re. Un tempeh frais a un go\u00fbt bien diff\u00e9rent d&#8217;un tempeh pasteuris\u00e9 !<\/span><\/p>\n<p><span style=\"font-size: 16px; font-style: normal; font-weight: 400; color: var( --e-global-color-text );\">De plus, nos tempehs ont une DLC courte afin d&#8217;en garantir leur fraicheur.<\/span><\/p><\/div>\n\t\t\t\t<\/div>\n\t\t\t\t\t\t\t<div class=\"elementor-toggle-item\">\n\t\t\t\t\t<div id=\"elementor-tab-title-9024\" class=\"elementor-tab-title\" data-tab=\"4\" role=\"tab\" aria-controls=\"elementor-tab-content-9024\">\n\t\t\t\t\t\t\t\t\t\t\t\t<span class=\"elementor-toggle-icon elementor-toggle-icon-left\" aria-hidden=\"true\">\n\t\t\t\t\t\t\t\t\t\t\t\t\t\t\t<span class=\"elementor-toggle-icon-closed\"><i class=\"fas fa-question-circle\"><\/i><\/span>\n\t\t\t\t\t\t\t\t<span class=\"elementor-toggle-icon-opened\"><i class=\"elementor-toggle-icon-opened fas fa-caret-up\"><\/i><\/span>\n\t\t\t\t\t\t\t\t\t\t\t\t\t<\/span>\n\t\t\t\t\t\t\t\t\t\t\t\t<a href=\"\" class=\"elementor-toggle-title\">Comment conserver mon tempeh TITWAZO ?<\/a>\n\t\t\t\t\t<\/div>\n\t\t\t\t\t<div id=\"elementor-tab-content-9024\" class=\"elementor-tab-content elementor-clearfix\" data-tab=\"4\" role=\"tabpanel\" aria-labelledby=\"elementor-tab-title-9024\"><p><span style=\"font-weight: 400;\">Le tempeh Titwazo est un aliment vivant. Il est donc normal que son go\u00fbt et sa texture \u00e9voluent dans le temps, \u00e0 l&#8217;image d&#8217;un fromage.<\/span><\/p>\n<p><span style=\"font-weight: 400;\">Si votre tempeh est emball\u00e9, il est pr\u00e9f\u00e9rable qu&#8217;il puisse respirer. Nous conseillons de mettre le tempeh dans une boite ou un bocal ferm\u00e9, mais non herm\u00e9tique, afin qu&#8217;il puisse respirer.&nbsp;<\/span><\/p>\n<p><span style=\"font-weight: 400;\">Vous pouvez \u00e9galement congeler le tempeh afin de pouvoir le consommer plus tard. Pour le d\u00e9congeler, sortez-le simplement 30 minutes avant de le pr\u00e9parer.<\/span><\/p><\/div>\n\t\t\t\t<\/div>\n\t\t\t\t\t\t\t<div class=\"elementor-toggle-item\">\n\t\t\t\t\t<div id=\"elementor-tab-title-9025\" class=\"elementor-tab-title\" data-tab=\"5\" role=\"tab\" aria-controls=\"elementor-tab-content-9025\">\n\t\t\t\t\t\t\t\t\t\t\t\t<span class=\"elementor-toggle-icon elementor-toggle-icon-left\" aria-hidden=\"true\">\n\t\t\t\t\t\t\t\t\t\t\t\t\t\t\t<span class=\"elementor-toggle-icon-closed\"><i class=\"fas fa-question-circle\"><\/i><\/span>\n\t\t\t\t\t\t\t\t<span class=\"elementor-toggle-icon-opened\"><i class=\"elementor-toggle-icon-opened fas fa-caret-up\"><\/i><\/span>\n\t\t\t\t\t\t\t\t\t\t\t\t\t<\/span>\n\t\t\t\t\t\t\t\t\t\t\t\t<a href=\"\" class=\"elementor-toggle-title\">Quelle est la diff\u00e9rence entre le TOFU et le Tempeh ? <\/a>\n\t\t\t\t\t<\/div>\n\t\t\t\t\t<div id=\"elementor-tab-content-9025\" class=\"elementor-tab-content elementor-clearfix\" data-tab=\"5\" role=\"tabpanel\" aria-labelledby=\"elementor-tab-title-9025\"><p><span style=\"font-weight: 400;\">&nbsp;Le tempeh et le tofu sont tous les deux fabriqu\u00e9s \u00e0 partir de soja mais leurs processus de fabrication est diff\u00e9rent.<\/span><\/p>\n<p><span style=\"font-weight: 400;\">Le tofu est fabriqu\u00e9 \u00e0 partir de jus de soja caill\u00e9, alors que le tempeh est issu de la fermentation des graines de soja enti\u00e8res. Le processus de fermentation du tempeh en fait aussi un aliment plus riche en nutriments, prot\u00e9ines et probiotiques. En effet,&nbsp;<\/span><span style=\"font-size: 15px; font-style: normal; font-weight: 400;\">&nbsp;l<\/span><span style=\"font-size: 15px; font-style: normal; font-weight: 400;\">e tempeh est aussi deux fois plus riche en prot\u00e9ines que le tofu<\/span><span style=\"font-size: 15px; font-weight: 400;\">&nbsp;et contient de nombreuses vitamines et min\u00e9raux.<\/span><\/p>\n<p><span style=\"font-size: 15px; font-weight: 400;\">&nbsp;La texture est elle aussi diff\u00e9rente : le tofu est &#8220;fondant&#8221; alors que le tempeh qui contient des graines de soja enti\u00e8re est plus ferme.<\/span><\/p>\n<p><span style=\"font-size: 15px; font-weight: 400;\">Bien que diff\u00e9rents, tous les deux se cuisinent tous les deux de la m\u00eame mani\u00e8re et peuvent s&#8217;ajouter dans de nombreuses pr\u00e9parations !<\/span><\/p><\/div>\n\t\t\t\t<\/div>\n\t\t\t\t\t\t\t<div class=\"elementor-toggle-item\">\n\t\t\t\t\t<div id=\"elementor-tab-title-9026\" class=\"elementor-tab-title\" data-tab=\"6\" role=\"tab\" aria-controls=\"elementor-tab-content-9026\">\n\t\t\t\t\t\t\t\t\t\t\t\t<span class=\"elementor-toggle-icon elementor-toggle-icon-left\" aria-hidden=\"true\">\n\t\t\t\t\t\t\t\t\t\t\t\t\t\t\t<span class=\"elementor-toggle-icon-closed\"><i class=\"fas fa-question-circle\"><\/i><\/span>\n\t\t\t\t\t\t\t\t<span class=\"elementor-toggle-icon-opened\"><i class=\"elementor-toggle-icon-opened fas fa-caret-up\"><\/i><\/span>\n\t\t\t\t\t\t\t\t\t\t\t\t\t<\/span>\n\t\t\t\t\t\t\t\t\t\t\t\t<a href=\"\" class=\"elementor-toggle-title\">Le soja est-il dangereux ?<\/a>\n\t\t\t\t\t<\/div>\n\t\t\t\t\t<div id=\"elementor-tab-content-9026\" class=\"elementor-tab-content elementor-clearfix\" data-tab=\"6\" role=\"tabpanel\" aria-labelledby=\"elementor-tab-title-9026\"><p><span style=\"font-size: 15px; font-weight: 400;\">Le soja est consomm\u00e9 quotidiennement et en grande quantit\u00e9 en Asie, il est d&#8217;ailleurs reconnu comme un aliment ayant de nombreuses vertus th\u00e9rapeutique surtout pour la pr\u00e9vention de maladies chroniques.\u00a0<\/span><\/p><p><span style=\"font-weight: 400;\">La mauvaise r\u00e9putation du soja vient notamment du fait qu&#8217;il doit-\u00eatre transform\u00e9 pour \u00eatre comestible, faute de quoi il est toxique. Dans le tempeh, cette transformation s&#8217;op\u00e8re par la cuisson et par les fermentations.\u00a0<\/span><\/p><p><span style=\"font-weight: 400;\">Le soja que nous utilisons pour la fabrication de notre tempeh est biologique, non OGM et cultiv\u00e9 dans la Dr\u00f4me \u00e0 moins de 30 km de notre laboratoire. Chaque ann\u00e9e nous visitons les cultures de soja pour \u00eatre au plus proche de nos mati\u00e8res premi\u00e8res, nous nous fournissons directement aupr\u00e9s de nos agriculteurs.<\/span><\/p><\/div>\n\t\t\t\t<\/div>\n\t\t\t\t\t<\/div>\n\t\t\t\t<\/div>\n\t\t\t\t<\/div>\n\t\t\t\t\t\t<\/div>\n\t\t\t\t\t<\/div>\n\t\t<\/div>\n\t\t\t\t\t\t\t\t<\/div>\n\t\t\t\t\t<\/div>\n\t\t<\/section>\n\t\t\t\t<section class=\"elementor-section elementor-top-section elementor-element elementor-element-a3e659b elementor-section-boxed elementor-section-height-default elementor-section-height-default\" data-id=\"a3e659b\" data-element_type=\"section\">\n\t\t\t\t\t\t<div class=\"elementor-container elementor-column-gap-default\">\n\t\t\t\t\t\t\t<div class=\"elementor-row\">\n\t\t\t\t\t<div class=\"elementor-column elementor-col-100 elementor-top-column elementor-element elementor-element-1923890\" data-id=\"1923890\" data-element_type=\"column\">\n\t\t\t<div class=\"elementor-column-wrap elementor-element-populated\">\n\t\t\t\t\t\t\t<div class=\"elementor-widget-wrap\">\n\t\t\t\t\t\t<div class=\"elementor-element elementor-element-040d157 elementor-widget elementor-widget-spacer\" data-id=\"040d157\" data-element_type=\"widget\" data-widget_type=\"spacer.default\">\n\t\t\t\t<div class=\"elementor-widget-container\">\n\t\t\t\t\t<div class=\"elementor-spacer\">\n\t\t\t<div class=\"elementor-spacer-inner\"><\/div>\n\t\t<\/div>\n\t\t\t\t<\/div>\n\t\t\t\t<\/div>\n\t\t\t\t\t\t<\/div>\n\t\t\t\t\t<\/div>\n\t\t<\/div>\n\t\t\t\t\t\t\t\t<\/div>\n\t\t\t\t\t<\/div>\n\t\t<\/section>\n\t\t\t\t\t\t<\/div>\n\t\t\t\t\t\t<\/div>\n\t\t\t\t\t<\/div>\n\t\t","protected":false},"excerpt":{"rendered":"<p>Les questions fr\u00e9quentes Mon tempeh a des t\u00e2ches grises\/noires, est-ce normal? La pr\u00e9sence de t\u00e2ches noires sur un tempeh non pasteuris\u00e9 est normale! Lorsque le champignon blanc termine son cycle il devient noir. Cette sporulation peut survenir un peu plus rapidement lorsque le champignon a plus d&#8217;oxyg\u00e8ne. Tout est parfaitement comestible et cela ne change &hellip;<\/p>\n<p class=\"read-more\"> <a class=\"\" href=\"https:\/\/titwazo.com\/index.php\/elementor-804\/\"> <span class=\"screen-reader-text\">FAQ<\/span> Lire la suite\u00a0\u00bb<\/a><\/p>\n","protected":false},"author":1,"featured_media":0,"parent":0,"menu_order":0,"comment_status":"closed","ping_status":"closed","template":"elementor_header_footer","meta":[],"_links":{"self":[{"href":"https:\/\/titwazo.com\/index.php\/wp-json\/wp\/v2\/pages\/804"}],"collection":[{"href":"https:\/\/titwazo.com\/index.php\/wp-json\/wp\/v2\/pages"}],"about":[{"href":"https:\/\/titwazo.com\/index.php\/wp-json\/wp\/v2\/types\/page"}],"author":[{"embeddable":true,"href":"https:\/\/titwazo.com\/index.php\/wp-json\/wp\/v2\/users\/1"}],"replies":[{"embeddable":true,"href":"https:\/\/titwazo.com\/index.php\/wp-json\/wp\/v2\/comments?post=804"}],"version-history":[{"count":34,"href":"https:\/\/titwazo.com\/index.php\/wp-json\/wp\/v2\/pages\/804\/revisions"}],"predecessor-version":[{"id":1277,"href":"https:\/\/titwazo.com\/index.php\/wp-json\/wp\/v2\/pages\/804\/revisions\/1277"}],"wp:attachment":[{"href":"https:\/\/titwazo.com\/index.php\/wp-json\/wp\/v2\/media?parent=804"}],"curies":[{"name":"wp","href":"https:\/\/api.w.org\/{rel}","templated":true}]}}